and 40?
8
Calculate the greatest common divisor of 4 and 214.
2
Calculate the highest common divisor of 99 and 143.
11
Calculate the highest common factor of 13 and 65.
13
Calculate the greatest common divisor of 1173 and 759.
69
What is the greatest common factor of 9050 and 50?
50
What is the highest common factor of 1078 and 44?
22
Calculate the greatest common factor of 768 and 36.
12
Calculate the highest common factor of 26 and 78.
26
Calculate the highest common factor of 184 and 874.
46
Calculate the greatest common factor of 2538 and 94.
94
Calculate the highest common divisor of 80 and 90.
10
Calculate the highest common divisor of 11 and 11.
11
What is the highest common factor of 57 and 2584?
19
What is the highest common factor of 189 and 168?
21
Calculate the greatest common factor of 3599 and 488.
61
What is the greatest common divisor of 34 and 6?
2
Calculate the greatest common factor of 176 and 5522.
22
Calculate the highest common factor of 9913 and 368.
23
What is the highest common factor of 102 and 120?
6
Calculate the greatest common factor of 21 and 119.
7
What is the highest common divisor of 12 and 363?
3
What is the highest common divisor of 4 and 3?
1
What is the greatest common divisor of 678 and 6?
6
What is the highest common divisor of 27 and 351?
27
Calculate the highest common factor of 72 and 456.
24
What is the highest common factor of 462 and 66?
66
Calculate the greatest common factor of 372 and 24.
12
What is the greatest common factor of 1921 and 34?
17
What is the greatest common factor of 2134 and 1358?
194
What is the highest common factor of 545 and 35?
5
Calculate the greatest common factor of 3950 and 250.
50
What is the greatest common factor of 774 and 2236?
86
What is the highest common divisor of 27 and 486?
27
Calculate the highest common factor of 385 and 660.
55
Calculate the highest common divisor of 140 and 15.
5
Calculate the greatest common divisor of 364 and 315.
7
What is the highest common divisor of 20 and 32?
4
What is the highest common factor of 165 and 1335?
15
What is the highest common divisor of 57 and 171?
57
Calculate the highest common divisor of 26 and 1898.
26
Calculate the greatest common divisor of 200 and 440.
40
What is the highest common factor of 3 and 1389?
3
Calculate the highest common factor of 2303 and 49.
49
What is the greatest common factor of 226 and 2147?
113
What is the greatest common factor of 2 and 1418?
2
What is the highest common divisor of 323 and 133?
19
Calculate the highest common factor of 246 and 328.
82
Calculate the greatest common factor of 17 and 9197.
17
Calculate the highest common divisor of 40 and 140.
20
What is the highest common divisor of 14 and 602?
14
Calculate the highest common factor of 2592 and 96.
96
What is the greatest common divisor of 11 and 3?
1
What is the greatest common factor of 573 and 6?
3
What is the greatest common divisor of 2556 and 355?
71
Calculate the highest common divisor of 550 and 154.
22
Calculate the highest common factor of 1635 and 1199.
109
Calculate the greatest common factor of 737 and 1943.
67
Calculate the greatest common divisor of 589 and 124.
31
Calculate the highest common factor of 671 and 33.
11
What is the greatest common factor of 304 and 437?
19
What is the highest common divisor of 81 and 6741?
9
What is the greatest common divisor of 20 and 115?
5
Calculate the highest common factor of 145 and 29.
29
Calculate the highest common factor of 2 and 16.
2
Calculate the greatest common factor of 32 and 10.
2
What is the highest common factor of 54 and 1254?
6
Calculate the highest common divisor of 261 and 290.
29
Calculate the highest common divisor of 4 and 94.
2
What is the greatest common factor of 1980 and 1008?
36
Calculate the highest common divisor of 20 and 305.
5
What is the greatest common divisor of 1953 and 189?
63
What is the highest common factor of 2379 and 858?
39
Calculate the highest common factor of 123 and 205.
41
What is the greatest common divisor of 66 and 22?
22
Calculate the greatest common factor of 42 and 138.
6
Calculate the greatest common divisor of 58 and 2.
2
Calculate the greatest common divisor of 27170 and 22.
22
What is the highest common divisor of 28 and 3052?
28
What is the highest common factor of 96 and 324?
12
Calculate the greatest common factor of 1769 and 1342.
61
Calculate the highest common divisor of 114 and 38.
38
Calculate the highest common factor of 5 and 125.
5
Calculate the greatest common divisor of 36 and 24.
12
Calculate the highest common divisor of 3 and 75.
3
What is the greatest common factor of 8232 and 48?
24
What is the greatest common factor of 399 and 171?
57
What is the greatest common factor of 3732 and 12?
12
Calculate the highest common divisor of 36 and 948.
12
Calculate the highest common divisor of 228 and 171.
57
Calculate the greatest common factor of 512 and 61184.
256
Calculate the greatest common divisor of 385 and 2345.
35
What is the greatest common divisor of 330 and 20?
10
What is the greatest common factor of 12 and 277?
1
What is the greatest common divisor of 24 and 8624?
8
What is the greatest common divisor of 95 and 2071?
19
Calculate the highest common factor of 250 and 200.
50
Calculate the highest common factor of 224 and 128.
32
Calculate the highest common divisor of 24 and 552.
24
Calculate the highest common factor of 10 and 225.
5
Calculate the highest common divisor of 1464 and 122.
122
Calculate the greatest common divisor of 342 and 3042.
18
What is the highest common factor of 1113 and 147?
21
What is the greatest common divisor of 9 and 339?
3
What is the highest common factor of 264 and 66?
66
Calculate the highest common factor of 7544 and 368.
184
Calculate the highest common divisor of 27 and 288.
9
What is the greatest common divisor of 28 and 12404?
28
Calculate the greatest common factor of 532 and 14.
14
What is the greatest common divisor of 363 and 99?
33
What is the greatest common factor of 27 and 117?
9
What is the greatest common divisor of 168 and 1386?
42
Calculate the greatest common divisor of 13 and 351.
13
What is the greatest common divisor of 13 and 4316?
13
Calculate the highest common factor of 17 and 1003.
17
What is the highest common factor of 377 and 65?
13
Calculate the greatest common divisor of 1157 and 52.
13
Calculate the highest common factor of 9275 and 525.
175
What is the greatest common divisor of 114 and 54?
6
Calculate the highest common factor of 6842 and 176.
22
Calculate the highest common factor of 146 and 5183.
73
What is the highest common divisor of 1633 and 142?
71
What is the highest common divisor of 1936 and 11?
11
What is the highest common factor of 121 and 121?
121
Calculate the greatest common divisor of 9 and 1089.
9
What is the highest common divisor of 1350 and 5292?
54
What is the greatest common factor of 324 and 135?
27
What is the highest common divisor of 13025 and 25?
25
Calculate the highest common factor of 1056 and 66.
66
Calculate the highest common factor of 920 and 1196.
92
Calculate the highest common divisor of 150 and 825.
75
What is the highest common factor of 15 and 2010?
15
What is the highest common divisor of 963 and 45?
9
Calculate the greatest common factor of 54 and 1.
1
Calculate the greatest common divisor of 52 and 1612.
52
What is the highest common factor of 414 and 4623?
69
What is the highest common factor of 268 and 4690?
134
Calculate the greatest common factor of 350 and 28.
14
Calculate the greatest common factor of 12 and 164.
4
What is the greatest common factor of 34 and 4352?
34
What is the highest common divisor of 234 and 312?
78
What is the highest common factor of 11 and 1892?
11
What is the highest common divisor of 120 and 3680?
40
What is the highest common factor of 800 and 55?
5
Calculate the highest common divisor of 11297 and 143.
143
What is the greatest common divisor of 30 and 11820?
30
What is the highest common divisor of 376 and 141?
47
Calculate the greatest common divisor of 1085 and 35.
35
What is the highest common factor of 126 and 288?
18
What is the highest common divisor of 123 and 697?
41
Calculate the highest common divisor of 299 and 325.
13
Calculate the highes